*y**2 + 9*y + 11. Let b be v(5). What are the prime factors of -4*(9/b)/((-6)/169)?
13
Let s(q) = 5*q + 4. Suppose 4*j - y - 10 = 0, 3*j = 2*j - y. Suppose 21 = j*o - 3*i, 3*i + 9 = -o - o. List the prime factors of s(o).
19
Let c be ((-20)/(-6))/(15/18). Suppose 1834 = 3*m + c*m. What are the prime factors of m?
2, 131
Let a(n) = 271*n + 113. List the prime factors of a(4).
3, 7, 19
Let l = 60 - 79. Let s = 4 + -6. Let z = s - l. What are the prime factors of z?
17
Suppose 0 = i + 1, m + i + 3*i = 70. What are the prime factors of m?
2, 37
Suppose 5*c + 3*d = 5*d + 5191, 4*c = 3*d + 4157. What are the prime factors of c?
17, 61
Let z = -558 + 1137. List the prime factors of z.
3, 193
Let q(y) = y**2 + 2*y - 3. Let v be q(-4). Suppose -5*m + v*b + 30 = 0, -3*b - 25 = -m - 3*m. What are the prime factors of m?
7
Let p = -63 - -66. Suppose 132 = -o + 2*o - 5*v, p*o = -v + 316. What are the prime factors of o?
107
Let f(g) = -g**3 + g + 2. Let b be f(0). Suppose c + b*j = 4*c - 14, -5*c + 2*j + 22 = 0. What are the prime factors of (5 - -19) + c + -2?
2, 13
Suppose -o = 5*d + 3 + 4, o - 4*d - 11 = 0. Suppose 0 = w - 0*n + 2*n + 15, -2*n + 45 = -o*w. Let h = w + 19. What are the prime factors of h?
2
Let b be (-93)/62 + 31/2. List the prime factors of b/((-8)/(-372)*3).
7, 31
Suppose -282752 = -86*y - 42*y. What are the prime factors of y?
47
Suppose -5*x - 5*i = -6*i - 3521, 2*x = 5*i + 1413. What are the prime factors of x?
2, 11
Suppose -12*d = -d + 726. Let r = d + 208. What are the prime factors of r?
2, 71
Let g = 719 - -765. What are the prime factors of g?
2, 7, 53
Let i = -844 - -1764. List the prime factors of i.
2, 5, 23
Suppose 4*v = -58*v + 230206. What are the prime factors of v?
47, 79
Let q be (1 - 61)/((-3)/(-2)). Let z be q/16*(1 - 3). Suppose 0 = 2*m - z - 69. What are the prime factors of m?
37
Suppose -4*p + s - 5*s = 72, 0 = p - 5*s. Let f = p - -31. What are the prime factors of f?
2
Let y = 7 + -4. Suppose -2*q - 360 = y*q. List the prime factors of (-7)/2*q/14.
2, 3
Suppose 2*c - 2*g = 28, 3*c - 2*g + 6*g = 7. Suppose -3*m + c*m = 666. List the prime factors of m.
3, 37
Suppose -39*s - 3109 = -22492. List the prime factors of s.
7, 71
Suppose 2 = 2*g - 10. Suppose -g*d + 26 + 154 = 0. List the prime factors of d.
2, 3, 5
Let g(y) = -525*y + 16. What are the prime factors of g(-1)?
541
Let c(j) = j**2 + 20. Let g be c(-15). Suppose -3*q = -34 - g. What are the prime factors of q?
3, 31
Let s = 481 - 125. What are the prime factors of s?
2, 89
Suppose -4*w - 4*m + 216 - 44 = 0, -w = -2*m - 34. List the prime factors of w.
2, 5
Let x be ((-4)/(-10))/(1/5). Suppose 4*r + x*c = 4*c + 20, c + 19 = 5*r. Suppose -r*i = -4 - 32. List the prime factors of i.
2, 3
Let l = 1305 + -64. What are the prime factors of l?
17, 73
Let n(l) = -l**2 - 23*l - 12. Let j be n(-15). Suppose 5*d - 3*d = j. Suppose 7*z = 4*z + d. What are the prime factors of z?
2, 3
Let p = -30 + 36. Suppose -4*y = -4*m - p*y + 148, 5*m - 175 = -5*y. What are the prime factors of m?
3, 13
Let m(h) = h**3 - 4*h**2 + 8*h - 35. What are the prime factors of m(6)?
5, 17
Suppose 5*r - 2 = -4*h + 4, -2*h + 12 = -2*r. Suppose h*c = -c - 40. What are the prime factors of c/24 + 254/6?
2, 3, 7
Suppose -50*z + 56*z + 60 = 0. Let l(b) = b**2 - 14*b - 8. What are the prime factors of l(z)?
2, 29
Let v be ((-3)/(-2))/(18/24). Suppose 0 = 4*z + 5*j - 13, 2*j = -z + 4 - 0. Suppose 2*q + v*u - 21 = 3*u, -z*q = -5*u - 1. List the prime factors of q.
13
Suppose -46*a = -47*a - 5. Let i(c) = 6*c - 8. Let k(j) = 11*j - 15. Let d(y) = 7*i(y) - 4*k(y). What are the prime factors of d(a)?
2, 7
Let u(w) = 2*w**2 - 11*w + 5. Let d be u(18). Suppose 3*q - d = -4*q. List the prime factors of q.
5, 13
Let w = 837 - 197. What are the prime factors of w?
2, 5
Suppose -162 = -13*h + 11*h. Let u = h + -22. List the prime factors of u.
59
Let v be (-21)/(-7)*40/6. Suppose k - v = -6. What are the prime factors of 424/k - (-2)/(-7)?
2, 3, 5
Suppose 4*m + 1816 = 3*g, 4*g = -4*m + 2737 - 353. List the prime factors of g.
2, 3, 5
Let k = -404 - -3258. What are the prime factors of k?
2, 1427
Let d be (-74)/9 - -2*(-6)/(-54). What are the prime factors of 1084/14 - d/14?
2, 3, 13
Suppose 165 = 2*n + 3*n. Let g be (0 - -5)*1*(-44)/(-4). Let j = g - n. List the prime factors of j.
2, 11
Let t(y) = 7*y**2 + y + 3. Let b be t(6). Suppose 0 = -5*o + 4*n + b, 110 = 2*o - 4*n + n. List the prime factors of o.
7
Let h(t) = -483*t + 110. What are the prime factors of h(-5)?
5, 101
Let z(t) = t**3 + 5*t**2 + 5*t - 2. Let q = -10 + 6. Let v be z(q). List the prime factors of 176/v*(-15)/10.
2, 11
What are the prime factors of (1 + 92)/(-1 + 24/20)?
3, 5, 31
Let j(o) = -o**2 + 6*o. Let m = -22 - -28. Let t be j(m). Suppose k + 14 = z, k + t*k - 18 = -z. List the prime factors of z.
2
Let a be ((-5)/25 + 4)/(2/10). Suppose -a + 203 = 2*r. List the prime factors of r.
2, 23
Let s = -23 + 23. Suppose s = -4*a + 5*a - 106. What are the prime factors of a?
2, 53
Suppose -5*m - 5*z = -56 + 6, -4*z = -m - 15. Let t be (m/(-10))/((-2)/48). Suppose 4*l - 21 = s, -2*l + 0*l - 4*s = t. What are the prime factors of l?
2
Let f = 7 - 6. Suppose 22 = m - f. List the prime factors of m.
23
Let b be 24/(-20)*110/(-4). Let f be (b/44)/(1/4). Suppose 2*k + 5 = -f*d + 55, 5*k = -2*d + 114. List the prime factors of k.
2, 11
Suppose -x - f + 250 = -554, -2*x = f - 1605. What are the prime factors of x?
3, 89
Let q = 63 - 50. Suppose 11*w - q*w + 256 = 0. List the prime factors of w.
2
Let n(i) = i**2 + 7*i + 5. Let g be n(-6). Let h be 4 + g*2/1. Suppose -5*v - 4*w = -70, h*v - 39 = -w - 14. What are the prime factors of v?
2, 5
Suppose -3*z = 5*l - 0 - 35, 5*l + 25 = z. Let g = z - 5. Suppose -x = x - g. List the prime factors of x.
5
Let n(a) be the first derivative of -1/2*a**2 - 7 + 5*a. List the prime factors of n(-11).
2
Let k = 27 + -25. Suppose k*a - 1 = 5. Suppose -a*h + 7*h + 2*v - 112 = 0, 4*v = -4*h + 116. What are the prime factors of h?
3
List the prime factors of -15*(-2796)/48 + (-1)/(-4).
2, 19, 23
Let y(q) = 2*q - 11. Let x be y(13). Let w be 40/x - (-1)/3. Suppose -w*p + p - d + 120 = 0, -4*p = -4*d - 228. List the prime factors of p.
59
Let x = -84 - -88. Suppose y + 3*t - 39 = x, 51 = y - 5*t. What are the prime factors of y?
2, 23
Suppose -30*b = -7*b - 2415. List the prime factors of b.
3, 5, 7
Let j = 910 + 1059. List the prime factors of j.
11, 179
Suppose 0 = 3*g + 5 + 1, -2*j = -4*g + 28. Let d = -1 - j. Suppose -d = 5*x - 87. List the prime factors of x.
2, 7
List the prime factors of ((-12)/180*-730)/(2/36).
2, 3, 73
Suppose 4*x = -h + 230, 0 = 3*x + x + 3*h - 234. Let z = x - 26. List the prime factors of z.
31
Let x = -1389 - -2178. List the prime factors of x.
3, 263
Let o be (-4960)/(-45) - 4/18. Suppose -4*k + o = -322. Suppose 5*m = 3*t - 89, -3*t - 4*m + k = t. What are the prime factors of t?
2, 7
Suppose 5*v + 3*c - 2597 = 0, -801 = -4*v + c + 1263. Suppose -4*m = -4*n + 676, 0*n + v = 3*n - 5*m. What are the prime factors of n?
2, 41
Let g(o) = -o - 9. Let h be g(-11). Suppose -4*r - h*p + 4*p + 126 = 0, -2*r + 73 = -3*p. What are the prime factors of r?
29
Let q = -1441 - -3469. What are the prime factors of q?
2, 3, 13
Suppose 64*j = 7*j + 96843. What are the prime factors of j?
1699
Let k = -67 + 68. Let i = k - -1. What are the prime factors of i?
2
Let c(t) = -t**3 - 2. Let m(f) = -f**2 + 3*f - 2. Let i(k) = 2*k**2 - 4*k + 2. Let o(r) = -4*i(r) - 5*m(r). Let h be o(-1). List the prime factors of c(h).
2, 3
Suppose 0*a = 2*a - 484. List the prime factors of a.
2, 11
Let d = -3 + 24. Let v = d - -37. What are the prime factors of v?
2, 29
Let r(b) be the third derivative of 0*b + 0 - 4*b**2 + 0*b**3 - 1/30*b**5 + 11/120*b**6 + 1/24*b**4. List the prime factors of r(1).
2, 5
Let j(z) = z - 3. Let w be j(8). Suppose 2*o + 354 = 4*f, -2*f - w + 188 = o. What are the prime factors of f?
2, 3, 5
Suppose 6*c - 9*c + 5*o = -8587, -3 = -3*o. List the prime factors of c.
2, 179
Let g(y) = 58*y + 1005. List the prime factors of g(-17).
19
Let k(v) = 30*v**2 - v - 1. Let g be k(-1). Let c = -23 + g. Suppose -c*r = -221 - 3. What are the prime factors of r?
2
Let v(j) = j**3 + 12*j**2 - 5*j - 17. Le